 Let l(i) = 1 + 7 + i**3 + i**2 - i - 1 + 0*i. Calculate l(z).
7
Let l = 12 - 7. Suppose 7*t - 6*t + z - 11 = 0, 5 = 5*t - 5*z. Let v(j) = 17*j + 4. Let d(k) = 20*k + 4. Let r(o) = t*d(o) - 7*v(o). Determine r(l).
1
Let g(q) = 3*q - 81. Let d be g(27). Let w(o) = -2*o**2 + 9*o + 5. Let j be w(5). Let x(z) = -5*z + j*z + 11 + 6*z. What is x(d)?
11
Let z(a) = -5*a + 3*a - 5*a - 6 + 5*a. Suppose -n = -2, 4*j - n - 6 = 3*j. Suppose 3*m + 2*b + 14 = 0, 3*m + 2*b + 3*b = -j. Calculate z(m).
6
Let d = 152 + -150. Suppose 18 = -3*t + w, -3*w + 30 = -3*t + d*w. Let b(o) = o**2 + 6*o + 8. Determine b(t).
3
Let m = -3864 - -3847. Let o(i) = -i**2 - 15*i - 7. Calculate o(m).
-41
Let a(n) = 2*n**2 + 2*n - 30. Let b be a(-7). Let k(l) = -5*l**2 + 114 + 9*l + 6*l**2 - b - 57. Give k(-9).
3
Let m(c) = c**3 + c**2 + 5*c + 4. Suppose -36*l = 9*l - 5175. Suppose -30 = 125*v - l*v. Determine m(v).
-29
Let b(s) be the first derivative of 3*s**2/2 + 14*s - 962. Let u be (2/5)/((-49)/(-25) + -2). What is b(u)?
-16
Let a(x) = 3*x - 2. Let b be (168/(-63))/(2/(-3)). Let f be (-10)/8*(b - 0). Calculate a(f).
-17
Let b(j) = 42*j - 47. Let y(k) = -88*k + 95. Let d(w) = -13*b(w) - 6*y(w). Give d(2).
5
Let p(l) = 65 - 4*l + 10*l - 19 - 14 - 26. Suppose 80 = 5*w + 5*i, 60 = 4*w + w + i. Suppose -4*d - 2*j - 14 = 0, 5*d + 3*j = -w - 6. Calculate p(d).
-18
Let i(f) = 9*f - 9. Let j(q) = 7*q - 10. Let d(g) = -5*i(g) + 6*j(g). Let s = -4560 - -4553. Calculate d(s).
6
Let j(w) = -w**2 - 13*w + 12. Suppose 4*k - 3*t + 37 = 0, -4*k - 76*t - 57 = -75*t. What is j(k)?
12
Let u(z) = -z**3 + 6*z**2 - 10*z + 9. Let a be u(4). Let h(o) = -o - a + 1 + 8. Give h(8).
0
Let s = 25182 + -25139. Let h(g) be the first derivative of 5/3*g**3 + 5/2*g**2 + s + 1/4*g**4 + 2*g. What is h(-4)?
-2
Suppose 375*t - 183 = 942. Let k(i) be the third derivative of i**5/60 - i**4/8 + 2*i**3/3 - i**2. Give k(t).
4
Let m = -3308 - -3313. Let i(g) = 4*g - 1. What is i(m)?
19
Suppose 3*b - 7 = 8. Let p(h) = -4 + 3*h - 12*h + b*h - 5. Calculate p(-6).
15
Let y(j) = -11*j - 76. Suppose 47*c + 513 = -41*c + 31*c. Calculate y(c).
23
Let n(t) be the second derivative of -t**3/6 + 80784*t. Let a(d) = -4*d - 3*d**2 - 10 + 2 + 4*d**2. Let w be a(6). Calculate n(w).
-4
Let g(n) = -n**2 + 14*n - 10. Let r = 11348 - 11336. Calculate g(r).
14
Let i(k) = -10*k + 22. Let n = 0 - -3. Let a(r) = 4*r + 4*r - n*r - 4*r - 1. Let y(j) = 8*a(j) + i(j). What is y(10)?
-6
Suppose 6*c - 4*c - 2*j - 14 = 0, 5*c = 2*j + 20. Suppose -4*p - y + 4 = -0, c = 2*p + y. Let k(i) = -6*i**2 + 1. What is k(p)?
-5
Let k(z) = 2*z**2 - 35*z - 4. Let t(p) = p**2 - 18*p. Let o(b) = -3*k(b) + 5*t(b). Give o(16).
-4
Let g be -15*(-1)/(0 + 1). Let z(w) be the first derivative of -w**2/2 + 19*w - 266. What is z(g)?
4
Let d = 8622 + -8618. Let p(f) = 7*f**2 - 23*f - 1. Give p(d).
19
Suppose 572*c + 858 = 715*c. Let r(l) = -2*l**3 + 13*l**2 + 13*l - 117. Give r(c).
-3
Let c = -23641 - -23650. Suppose o - 4 = -2. Let t(x) = -3*x + 6 - o*x + 6*x - 3*x. Determine t(c).
-12
Let x(z) = -z**2 + 3*z + 39. Let y(q) = 3*q**2 - 8*q - 114. Let m(g) = 8*x(g) + 3*y(g). Let u be m(6). Let c(h) = -h**2 + 8*h - 6. Calculate c(u).
6
Let g = -2 - -17. Let n be g/(-5)*(0 + -1). Let y(x) = -3*x - x + 200*x**2 - 198*x**2 - 1. What is y(n)?
5
Let b(h) = 2*h + 17. Let n be -3 + 3 + -42 + 34. Give b(n).
1
Let j(w) = 4*w**2 - 4*w - 1. Let k be j(3). Let m(u) = u**2 - 12*u + 22. Let v be m(10). Suppose v*z - 3 = -k. Let f(t) = t + 8. Give f(z).
-2
Let l(r) = r**3 + 12*r**2 - 29*r - 12. Let n be l(-14). Let m(i) be the second derivative of 7/2*i**n + 0 - 1/6*i**3 - 9*i. Determine m(6).
1
Let x(s) = -164 - 166 - s - 171 + 504. Give x(10).
-7
Let b = -1235 + 1779. Let g = b - 532. Let d(u) = -u**2 + 11*u + 4. What is d(g)?
-8
Let o(g) be the first derivative of 4*g**2 - 144*g - 8238. Determine o(17).
-8
Let t(x) be the first derivative of -1 + 5*x - 5/3*x**3 + 1/2*x**2 + 1/4*x**4. Let z be 110/(-77)*((-504)/(-70) - 10). What is t(z)?
-7
Let l(t) = -t + 8. Let u = -8 + 11. Suppose u*q + 3*q = 36. Suppose -q = -y + 1. Give l(y).
1
Let t be 4/(28/(-147)*-7). Let d(q) = q + t*q + 1372 - 1360. Calculate d(-4).
-4
Let s(v) = -v**3 - 10*v**2 - 3*v - 7. Let z(w) = -w**3 - 11*w**2 - w - 5. Let b(i) = 4*s(i) - 3*z(i). Let h(c) = -4*c - 70. Let a be h(-16). Calculate b(a).
5
Let y(l) = l**3 - l**2 - 3. Let q(z) = 4*z**3 + 32*z**2 - z + 12. Let a be q(-8). Suppose -4*m = -m - 39. Suppose -m*v = -a*v. Calculate y(v).
-3
Let h(l) = -5*l**2 + 5*l - 4. Let g(s) = -9*s**2 + 10*s - 8. Suppose -13*m + 17*m = 20. Let z(t) = m*h(t) - 3*g(t). Let j be (-57)/(-21) - 4/(-14). Give z(j).
7
Suppose -42 = 16*a + 21 + 1. Let t(z) = 4*z - 16. Calculate t(a).
-32
Let a(g) = -g - 8. Let b = -88 - -70. Let m be b/(-15)*5 + 2. Suppose -m = 5*r - 48. What is a(r)?
-16
Let h(t) = -t - 5. Let m = -2957 + 2958. Let o(v) be the second derivative of -v**2/2 + v. Let a(n) = m*h(n) - 2*o(n). Calculate a(-7).
4
Suppose 5*g - 2*b = 87, 0 = -g - b - 1 + 17. Let x(h) = h**2 - 19*h + 24. Calculate x(g).
-10
Let j(z) = -z**2 - 46*z + 37. Let q(n) = -2*n**2 - 84*n + 78. Let i(h) = 5*j(h) - 3*q(h). Determine i(-24).
-1
Let i(t) = t**2 - 7*t + 7. Let d = -30342 - -30352. What is i(d)?
37
Let o(g) = -g**2 + 5*g + 7. Suppose -5*s + t + 97 = -7*s, -s = 14*t + 89. Suppose -3*l - 104 = -5*l. Let c = l + s. Give o(c).
7
Let n(u) = u**2 + 23*u + 20. Let g be n(-22). Let c(o) = -2*o + 6. Let m be c(g). Let s be 10/m - 2*-1. Let a(f) = -f**3 + 3*f**2 - f - 2. Calculate a(s).
-5
Let m(l) = -l**3 - 28*l**2 + 22*l - 205. Let r be m(-29). Let b(z) = 4*z**3 + 2*z**2 + 4*z + 3. Give b(r).
-29
Suppose 5438*y = 5439*y + 9. Let s(j) = -j**2 - 9*j - 14. What is s(y)?
-14
Let o(m) = 2182*m**2 - 6*m - 2*m + 5*m**3 - 2182*m**2 + 3 - 4*m**3. Calculate o(3).
6
Let v(y) = -y + 1 + 5 - 1. Suppose -32*k + 26*k - 130 = -32*k. Give v(k).
0
Let l(o) = -7*o**2 + o - 9. Let d(f) = 31*f**2 + 7*f + 45. Let t(i) = 16*i**2 + 3*i + 23. Let h(y) = -4*d(y) + 9*t(y). Let q(u) = 6*h(u) + 17*l(u). Give q(-9).
-9
Let h(a) be the third derivative of 4/3*a**3 - 1/24*a**4 - 81*a**2 + 0 + 0*a. Determine h(6).
2
Let g(n) = 9*n + 50. Let w be -7 - (63/(-57) - 68/(-646)). Determine g(w).
-4
Let a(d) = 4*d**2 + 172*d + 6. Let w be a(-43). Let p(q) = -q**3 + 9*q**2 - 17*q - 11. Give p(w).
-5
Let v(l) = -l**2 + 8*l - 3. Suppose 3 = b, 2*y + 0*y + 4*b = 808. Let p = -392 + y. Determine v(p).
9
Let j(n) = -5*n**2 - n. Let y(i) = -13*i**2 + 20*i - 34. Let v(t) = 3*j(t) - y(t). What is v(-13)?
-5
Let i(v) = 2*v - 44. Let g be i(24). Let t(s) = 32*s + 1 - 44*s - 5 + 13*s. Give t(g).
0
Let k be (((-15)/(-25))/((-3)/3))/((-1)/5). Let d(g) be the second derivative of -1/6*g**k + 0 + 3/2*g**2 + 18*g. Give d(9).
-6
Let v be 1*3/(-1 - -2). Suppose 0 = -y + 4*y - v. Let o(f) = -89 + 32 + 26 + 2 + 30 + 2*f**2. What is o(y)?
3
Let v be (-3 - -363)*(132/16 - 7). Let l = 447 - v. Let w(s) = s**2 - 2*s - 6. What is w(l)?
9
Let m(i) be the first derivative of -2*i**3/3 + 11*i**2/2 + 7*i - 7. Let c be m(8). Let b = -37 - c. Let l(g) = -g**2 - 2*g - 3. Determine l(b).
-11
Let v = -92 - -94. Suppose -w - 1326 = -v*y, -4*y + 4*w - 8*w + 2664 = 0. Let f(u) = -u**2 - y*u - u**3 + 663*u + 3 + 8. Determine f(0).
11
Let l(k) = -2*k - 19. Let i be 21/(-42)*((-30)/4)/(2/(-8)). Determine l(i).
11
Suppose -299 = -70597*k + 70620*k. Let w(m) = 22*m + 294. Determine w(k).
8
Let v(y) = 17*y + 186. Let s be ((-3841)/(-15))/(-23) + 10/75. What is v(s)?
-1
Let f = -220 + 349. Let x = 137 - f. Let u(h) = 2*h**3 + 11*h**2 - 2*h - 3. Let c(v) = 3*v**3 + 12*v**2 - 3*v - 4. Let l(k) = 3*c(k) - 4*u(k). Calculate l(x).
-8
Let p(w) = -17*w + 87*w - 32*w - 32*w - 18. Give p(2).
-6
Let b be (8 - 20)/(-3) - (-5 + 9). Let n(d) = -5*d**3 + d**2 - d + 5. Determine n(b).
5
Let f = 6009 + -6007. Let k(m) = 0*m - m**2 - 1 - 3 + 3*m. Let g(s) = -2*s + 3. Let z(b) = f*k(b) + 3*g(b). Determine z(1).
-1
Let i = 932 + -929. Let k(d) = 59*d - 173. Let s be k(i). Let x(v) be the second derivative of v**4/12 - v**3/3 + 2*v**2 + v. Determine x(s).
12
Let j(c) = c**2 + 6*c + 11. Let l be j(-4). Let n(v) = v**2 - 10*v + 10. Let r be n(9). Let d(y) = r - 1 - y**l - 3*y**2 - 3 - y - 1. Determine d(-3).
-1
Let q(m) be the third derivative of -m**5